{"id":9,"date":"2025-01-20T21:15:11","date_gmt":"2025-01-20T21:15:11","guid":{"rendered":"https:\/\/humanvet.de\/index.php\/shop\/"},"modified":"2025-01-31T23:58:38","modified_gmt":"2025-01-31T22:58:38","slug":"shop","status":"publish","type":"page","link":"https:\/\/www.humanvet.de\/index.php\/shop\/","title":{"rendered":"Shop"},"content":{"rendered":"\t\t<div data-elementor-type=\"wp-page\" data-elementor-id=\"9\" class=\"elementor elementor-9\">\n\t\t\t\t<div class=\"elementor-element elementor-element-3d451d3 e-flex e-con-boxed e-con e-parent\" data-id=\"3d451d3\" data-element_type=\"container\" data-e-type=\"container\">\n\t\t\t\t\t<div class=\"e-con-inner\">\n\t\t\t\t<div class=\"elementor-element elementor-element-082d097 elementor-widget elementor-widget-text-editor\" data-id=\"082d097\" data-element_type=\"widget\" data-e-type=\"widget\" data-widget_type=\"text-editor.default\">\n\t\t\t\t<div class=\"elementor-widget-container\">\n\t\t\t\t\t\t\t\t\t<h2><strong>Qualit\u00e4t, die \u00fcberzeugt<\/strong><\/h2><p>Meine oberste Priorit\u00e4t ist es, hochwertige, artgerechte und naturbelassene Hunde- und Katzennahrung anzubieten \u2013 frei von chemischen Zus\u00e4tzen und stets im Einklang mit den neuesten ern\u00e4hrungswissenschaftlichen Erkenntnissen.<\/p><p>Die Rezepturen der PETfit Men\u00fcs werden von erfahrenen Experten sorgf\u00e4ltig entwickelt und gezielt auf die individuellen Bed\u00fcrfnisse von Hunden und Katzen abgestimmt. So ist eine eine ausgewogene und gesunde Ern\u00e4hrung f\u00fcr Ihr Tier\u00a0<span style=\"color: var( --e-global-color-text ); font-family: var( --e-global-typography-text-font-family ), Sans-serif; font-weight: var( --e-global-typography-text-font-weight ); text-align: var(--text-align); font-size: 1rem;\">gew\u00e4hrleistet<\/span><span style=\"color: var( --e-global-color-text ); font-family: var( --e-global-typography-text-font-family ), Sans-serif; font-weight: var( --e-global-typography-text-font-weight ); text-align: var(--text-align); font-size: 1rem;\">\u00a0<\/span><span style=\"color: var( --e-global-color-text ); font-family: var( --e-global-typography-text-font-family ), Sans-serif; font-weight: var( --e-global-typography-text-font-weight ); text-align: var(--text-align); font-size: 1rem;\">.<\/span><\/p><p>\u00a0<\/p>\t\t\t\t\t\t\t\t<\/div>\n\t\t\t\t<\/div>\n\t\t\t\t\t<\/div>\n\t\t\t\t<\/div>\n\t\t<div class=\"elementor-element elementor-element-881976b e-grid e-con-boxed e-con e-parent\" data-id=\"881976b\" data-element_type=\"container\" data-e-type=\"container\">\n\t\t\t\t\t<div class=\"e-con-inner\">\n\t\t\t\t<div class=\"elementor-element elementor-element-ef17a2f elementor-widget elementor-widget-image\" data-id=\"ef17a2f\" data-element_type=\"widget\" data-e-type=\"widget\" data-widget_type=\"image.default\">\n\t\t\t\t<div class=\"elementor-widget-container\">\n\t\t\t\t\t\t\t\t\t\t\t\t\t\t\t\t<a href=\"https:\/\/vivianobermueller.pet-fit.net\/petfit-cat\/\">\n\t\t\t\t\t\t\t<img fetchpriority=\"high\" decoding=\"async\" width=\"850\" height=\"364\" src=\"https:\/\/www.humanvet.de\/wp-content\/uploads\/2025\/01\/PETfit_Cat-gigapixel-text-shapes-2x-1.png\" class=\"attachment-1536x1536 size-1536x1536 wp-image-1040\" alt=\"\" srcset=\"https:\/\/www.humanvet.de\/wp-content\/uploads\/2025\/01\/PETfit_Cat-gigapixel-text-shapes-2x-1.png 850w, https:\/\/www.humanvet.de\/wp-content\/uploads\/2025\/01\/PETfit_Cat-gigapixel-text-shapes-2x-1-300x128.png 300w, https:\/\/www.humanvet.de\/wp-content\/uploads\/2025\/01\/PETfit_Cat-gigapixel-text-shapes-2x-1-768x329.png 768w, https:\/\/www.humanvet.de\/wp-content\/uploads\/2025\/01\/PETfit_Cat-gigapixel-text-shapes-2x-1-700x300.png 700w\" sizes=\"(max-width: 850px) 100vw, 850px\" \/>\t\t\t\t\t\t\t\t<\/a>\n\t\t\t\t\t\t\t\t\t\t\t\t\t\t\t<\/div>\n\t\t\t\t<\/div>\n\t\t\t\t<div class=\"elementor-element elementor-element-6e52979 elementor-widget elementor-widget-image\" data-id=\"6e52979\" data-element_type=\"widget\" data-e-type=\"widget\" data-widget_type=\"image.default\">\n\t\t\t\t<div class=\"elementor-widget-container\">\n\t\t\t\t\t\t\t\t\t\t\t\t\t\t\t\t<a href=\"https:\/\/vivianobermueller.pet-fit.net\/petfit-dog\/\">\n\t\t\t\t\t\t\t<img decoding=\"async\" width=\"640\" height=\"274\" src=\"https:\/\/www.humanvet.de\/wp-content\/uploads\/2025\/01\/PETfit_Dog2-gigapixel-text-shapes-2x-1.png\" class=\"attachment-large size-large wp-image-1041\" alt=\"\" srcset=\"https:\/\/www.humanvet.de\/wp-content\/uploads\/2025\/01\/PETfit_Dog2-gigapixel-text-shapes-2x-1.png 850w, https:\/\/www.humanvet.de\/wp-content\/uploads\/2025\/01\/PETfit_Dog2-gigapixel-text-shapes-2x-1-300x128.png 300w, https:\/\/www.humanvet.de\/wp-content\/uploads\/2025\/01\/PETfit_Dog2-gigapixel-text-shapes-2x-1-768x329.png 768w, https:\/\/www.humanvet.de\/wp-content\/uploads\/2025\/01\/PETfit_Dog2-gigapixel-text-shapes-2x-1-700x300.png 700w\" sizes=\"(max-width: 640px) 100vw, 640px\" \/>\t\t\t\t\t\t\t\t<\/a>\n\t\t\t\t\t\t\t\t\t\t\t\t\t\t\t<\/div>\n\t\t\t\t<\/div>\n\t\t\t\t\t<\/div>\n\t\t\t\t<\/div>\n\t\t<div class=\"elementor-element elementor-element-77efc32 e-flex e-con-boxed e-con e-parent\" data-id=\"77efc32\" data-element_type=\"container\" data-e-type=\"container\">\n\t\t\t\t\t<div class=\"e-con-inner\">\n\t\t\t\t<div class=\"elementor-element elementor-element-4129c77 elementor-widget elementor-widget-text-editor\" data-id=\"4129c77\" data-element_type=\"widget\" data-e-type=\"widget\" data-widget_type=\"text-editor.default\">\n\t\t\t\t<div class=\"elementor-widget-container\">\n\t\t\t\t\t\t\t\t\t<h3>\u00a0<\/h3><h2><strong>Produkte von Waldkraft:<\/strong><\/h2><p>Waldkraft bietet eine breite Palette an hochwertigen Naturprodukten und Nahrungserg\u00e4nzungsmitteln, die speziell f\u00fcr Menschen und Tiere entwickelt wurden. Dabei liegt der Fokus auf nat\u00fcrlichen, bioverf\u00fcgbaren Inhaltsstoffen, die das Wohlbefinden ganzheitlich unterst\u00fctzen.<\/p><ul><li><strong>Nahrungserg\u00e4nzungsmittel f\u00fcr Menschen:<\/strong> Hochwertige Mineralstoffe, Vitamine und pflanzliche Extrakte zur Unterst\u00fctzung von Immunsystem, Verdauung, Entgiftung, Knochen- und Gelenkgesundheit sowie allgemeinem Wohlbefinden.<\/li><li><strong>Naturprodukte f\u00fcr Tiere:<\/strong> Spezielle Erg\u00e4nzungen f\u00fcr Hunde, Katzen und Pferde, darunter Kr\u00e4utermischungen, \u00d6le und nat\u00fcrliche Pr\u00e4parate zur St\u00e4rkung von Gelenken, Immunsystem und Verdauung.<\/li><li><strong>Vitalpilze &amp; Kr\u00e4uterextrakte:<\/strong> Reine und hochkonzentrierte Pflanzenstoffe wie Chaga, Reishi oder Curcumin zur F\u00f6rderung der Gesundheit und Regeneration.<\/li><li><strong>Entgiftung &amp; Reinigung:<\/strong> Produkte wie Zeolith, Bentonit oder Chlorella, die den K\u00f6rper auf nat\u00fcrliche Weise bei der Ausleitung von Schadstoffen unterst\u00fctzen.<\/li><li><strong>Nat\u00fcrliche \u00d6le &amp; Fette:<\/strong> Hochwertige Omega-3-\u00d6le, Hanf\u00f6l, Kokos\u00f6l und andere gesunde Fette f\u00fcr eine ausgewogene Ern\u00e4hrung.<\/li><li><strong>Haut- &amp; K\u00f6rperpflege:<\/strong> Naturkosmetik und Pflegeprodukte mit reinen, nat\u00fcrlichen Inhaltsstoffen f\u00fcr Haut, Haare und Z\u00e4hne.<\/li><\/ul><p>Alle Produkte von Waldkraft sind frei von k\u00fcnstlichen Zusatzstoffen und Gentechnik, nachhaltig verpackt und mit h\u00f6chstem Qualit\u00e4tsanspruch hergestellt. Sie sind darauf ausgelegt, die Selbstheilungskr\u00e4fte von Mensch und Tier auf nat\u00fcrliche Weise zu f\u00f6rdern. \ud83c\udf3f<\/p>\t\t\t\t\t\t\t\t<\/div>\n\t\t\t\t<\/div>\n\t\t\t\t<div class=\"elementor-element elementor-element-0036d3d elementor-widget elementor-widget-text-editor\" data-id=\"0036d3d\" data-element_type=\"widget\" data-e-type=\"widget\" data-widget_type=\"text-editor.default\">\n\t\t\t\t<div class=\"elementor-widget-container\">\n\t\t\t\t\t\t\t\t\t<p>Waldkraft bietet eine vielf\u00e4ltige Auswahl an hochwertigen Nahrungserg\u00e4nzungsmitteln und Naturprodukten, die Ihr Wohlbefinden auf nat\u00fcrliche Weise unterst\u00fctzen. Hier sind einige unserer herausragenden Produkte:<\/p><p>\u00a0<\/p><p>Entdecken Sie die Kraft der Natur mit den Produkten von Waldkraft.bio und f\u00f6rdern Sie Ihr Wohlbefinden auf nat\u00fcrliche Weise.<\/p>\t\t\t\t\t\t\t\t<\/div>\n\t\t\t\t<\/div>\n\t\t\t\t\t<\/div>\n\t\t\t\t<\/div>\n\t\t<div class=\"elementor-element elementor-element-87469d7 e-grid e-con-boxed e-con e-parent\" data-id=\"87469d7\" data-element_type=\"container\" data-e-type=\"container\">\n\t\t\t\t\t<div class=\"e-con-inner\">\n\t\t\t\t<div class=\"elementor-element elementor-element-a1298d6 elementor-widget elementor-widget-image\" data-id=\"a1298d6\" data-element_type=\"widget\" data-e-type=\"widget\" data-widget_type=\"image.default\">\n\t\t\t\t<div class=\"elementor-widget-container\">\n\t\t\t\t\t\t\t\t\t\t\t\t\t\t\t\t<a href=\"https:\/\/www.waldkraft.bio\/katze\/?spartner=sonne\">\n\t\t\t\t\t\t\t<img decoding=\"async\" width=\"640\" height=\"271\" src=\"https:\/\/www.humanvet.de\/wp-content\/uploads\/2025\/01\/katzekraft-1-1024x433.png\" class=\"attachment-large size-large wp-image-1052\" alt=\"\" srcset=\"https:\/\/www.humanvet.de\/wp-content\/uploads\/2025\/01\/katzekraft-1-1024x433.png 1024w, https:\/\/www.humanvet.de\/wp-content\/uploads\/2025\/01\/katzekraft-1-300x127.png 300w, https:\/\/www.humanvet.de\/wp-content\/uploads\/2025\/01\/katzekraft-1-768x325.png 768w, https:\/\/www.humanvet.de\/wp-content\/uploads\/2025\/01\/katzekraft-1-1536x649.png 1536w, https:\/\/www.humanvet.de\/wp-content\/uploads\/2025\/01\/katzekraft-1-700x296.png 700w, https:\/\/www.humanvet.de\/wp-content\/uploads\/2025\/01\/katzekraft-1.png 1888w\" sizes=\"(max-width: 640px) 100vw, 640px\" \/>\t\t\t\t\t\t\t\t<\/a>\n\t\t\t\t\t\t\t\t\t\t\t\t\t\t\t<\/div>\n\t\t\t\t<\/div>\n\t\t\t\t<div class=\"elementor-element elementor-element-b375fb1 elementor-widget elementor-widget-image\" data-id=\"b375fb1\" data-element_type=\"widget\" data-e-type=\"widget\" data-widget_type=\"image.default\">\n\t\t\t\t<div class=\"elementor-widget-container\">\n\t\t\t\t\t\t\t\t\t\t\t\t\t\t\t\t<a href=\"https:\/\/www.waldkraft.bio\/hund\/?spartner=sonne\">\n\t\t\t\t\t\t\t<img loading=\"lazy\" decoding=\"async\" width=\"640\" height=\"271\" src=\"https:\/\/www.humanvet.de\/wp-content\/uploads\/2025\/01\/hundkraft-2-1024x433.png\" class=\"attachment-large size-large wp-image-1054\" alt=\"\" srcset=\"https:\/\/www.humanvet.de\/wp-content\/uploads\/2025\/01\/hundkraft-2-1024x433.png 1024w, https:\/\/www.humanvet.de\/wp-content\/uploads\/2025\/01\/hundkraft-2-300x127.png 300w, https:\/\/www.humanvet.de\/wp-content\/uploads\/2025\/01\/hundkraft-2-768x325.png 768w, https:\/\/www.humanvet.de\/wp-content\/uploads\/2025\/01\/hundkraft-2-1536x649.png 1536w, https:\/\/www.humanvet.de\/wp-content\/uploads\/2025\/01\/hundkraft-2-700x296.png 700w, https:\/\/www.humanvet.de\/wp-content\/uploads\/2025\/01\/hundkraft-2.png 1888w\" sizes=\"(max-width: 640px) 100vw, 640px\" \/>\t\t\t\t\t\t\t\t<\/a>\n\t\t\t\t\t\t\t\t\t\t\t\t\t\t\t<\/div>\n\t\t\t\t<\/div>\n\t\t\t\t<div class=\"elementor-element elementor-element-bd015f3 elementor-widget elementor-widget-image\" data-id=\"bd015f3\" data-element_type=\"widget\" data-e-type=\"widget\" data-widget_type=\"image.default\">\n\t\t\t\t<div class=\"elementor-widget-container\">\n\t\t\t\t\t\t\t\t\t\t\t\t\t\t\t\t<a href=\"https:\/\/www.waldkraft.bio\/pferd\/?spartner=sonne\">\n\t\t\t\t\t\t\t<img loading=\"lazy\" decoding=\"async\" width=\"640\" height=\"271\" src=\"https:\/\/www.humanvet.de\/wp-content\/uploads\/2025\/01\/pferdkraft-1024x433.png\" class=\"attachment-large size-large wp-image-1056\" alt=\"\" srcset=\"https:\/\/www.humanvet.de\/wp-content\/uploads\/2025\/01\/pferdkraft-1024x433.png 1024w, https:\/\/www.humanvet.de\/wp-content\/uploads\/2025\/01\/pferdkraft-300x127.png 300w, https:\/\/www.humanvet.de\/wp-content\/uploads\/2025\/01\/pferdkraft-768x325.png 768w, https:\/\/www.humanvet.de\/wp-content\/uploads\/2025\/01\/pferdkraft-1536x649.png 1536w, https:\/\/www.humanvet.de\/wp-content\/uploads\/2025\/01\/pferdkraft-700x296.png 700w, https:\/\/www.humanvet.de\/wp-content\/uploads\/2025\/01\/pferdkraft.png 1888w\" sizes=\"(max-width: 640px) 100vw, 640px\" \/>\t\t\t\t\t\t\t\t<\/a>\n\t\t\t\t\t\t\t\t\t\t\t\t\t\t\t<\/div>\n\t\t\t\t<\/div>\n\t\t\t\t<div class=\"elementor-element elementor-element-ddb61b4 elementor-widget elementor-widget-image\" data-id=\"ddb61b4\" data-element_type=\"widget\" data-e-type=\"widget\" data-widget_type=\"image.default\">\n\t\t\t\t<div class=\"elementor-widget-container\">\n\t\t\t\t\t\t\t\t\t\t\t\t\t\t\t\t<a href=\"https:\/\/www.waldkraft.bio\/mensch\/?spartner=sonne\">\n\t\t\t\t\t\t\t<img loading=\"lazy\" decoding=\"async\" width=\"640\" height=\"271\" src=\"https:\/\/www.humanvet.de\/wp-content\/uploads\/2025\/01\/menschkraft-1024x433.png\" class=\"attachment-large size-large wp-image-1055\" alt=\"\" srcset=\"https:\/\/www.humanvet.de\/wp-content\/uploads\/2025\/01\/menschkraft-1024x433.png 1024w, https:\/\/www.humanvet.de\/wp-content\/uploads\/2025\/01\/menschkraft-300x127.png 300w, https:\/\/www.humanvet.de\/wp-content\/uploads\/2025\/01\/menschkraft-768x325.png 768w, https:\/\/www.humanvet.de\/wp-content\/uploads\/2025\/01\/menschkraft-1536x649.png 1536w, https:\/\/www.humanvet.de\/wp-content\/uploads\/2025\/01\/menschkraft-700x296.png 700w, https:\/\/www.humanvet.de\/wp-content\/uploads\/2025\/01\/menschkraft.png 1888w\" sizes=\"(max-width: 640px) 100vw, 640px\" \/>\t\t\t\t\t\t\t\t<\/a>\n\t\t\t\t\t\t\t\t\t\t\t\t\t\t\t<\/div>\n\t\t\t\t<\/div>\n\t\t\t\t\t<\/div>\n\t\t\t\t<\/div>\n\t\t\t\t<\/div>\n\t\t","protected":false},"excerpt":{"rendered":"<p>Qualit\u00e4t, die \u00fcberzeugt Meine oberste Priorit\u00e4t ist es, hochwertige, artgerechte und naturbelassene Hunde- und Katzennahrung anzubieten \u2013 frei von chemischen Zus\u00e4tzen und stets im Einklang mit den neuesten ern\u00e4hrungswissenschaftlichen Erkenntnissen. Die Rezepturen der PETfit Men\u00fcs werden von erfahrenen Experten sorgf\u00e4ltig entwickelt und gezielt auf die individuellen Bed\u00fcrfnisse von Hunden und Katzen abgestimmt. So ist eine<\/p>\n","protected":false},"author":1,"featured_media":0,"parent":0,"menu_order":0,"comment_status":"closed","ping_status":"closed","template":"","meta":{"footnotes":""},"class_list":["post-9","page","type-page","status-publish","hentry"],"_links":{"self":[{"href":"https:\/\/www.humanvet.de\/index.php\/wp-json\/wp\/v2\/pages\/9","targetHints":{"allow":["GET"]}}],"collection":[{"href":"https:\/\/www.humanvet.de\/index.php\/wp-json\/wp\/v2\/pages"}],"about":[{"href":"https:\/\/www.humanvet.de\/index.php\/wp-json\/wp\/v2\/types\/page"}],"author":[{"embeddable":true,"href":"https:\/\/www.humanvet.de\/index.php\/wp-json\/wp\/v2\/users\/1"}],"replies":[{"embeddable":true,"href":"https:\/\/www.humanvet.de\/index.php\/wp-json\/wp\/v2\/comments?post=9"}],"version-history":[{"count":33,"href":"https:\/\/www.humanvet.de\/index.php\/wp-json\/wp\/v2\/pages\/9\/revisions"}],"predecessor-version":[{"id":1082,"href":"https:\/\/www.humanvet.de\/index.php\/wp-json\/wp\/v2\/pages\/9\/revisions\/1082"}],"wp:attachment":[{"href":"https:\/\/www.humanvet.de\/index.php\/wp-json\/wp\/v2\/media?parent=9"}],"curies":[{"name":"wp","href":"https:\/\/api.w.org\/{rel}","templated":true}]}}